 highest common divisor of n and 104.
26
Suppose 0 = -j + 3, 5*t = -j + 3*j + 889. Suppose -4*p - g - 500 = -5*g, -2*g + 619 = -5*p. Let w = t + p. Calculate the highest common factor of 8 and w.
8
Let f be (-268212)/(-77) - (-12)/(-44). Calculate the highest common divisor of f and 81.
81
Let c = 366 + -319. Calculate the highest common factor of c and 235.
47
Suppose -2*z - 3 = 1. Let f be (-27)/(-1) + 5 + z. Calculate the highest common divisor of 210 and f.
30
Let t(y) = y - 11. Let w(c) = 3 + 2 + 1 - 7. Let s(f) = t(f) - 4*w(f). Let p be s(15). What is the greatest common divisor of p and 40?
8
Suppose 44 = 6*m - 4*m. Suppose 2*w - 7*w = -30. Suppose -w*z = -z - 880. Calculate the greatest common divisor of m and z.
22
Suppose 24 = -q + 5*q. Let s = 18 - -30. Calculate the greatest common factor of q and s.
6
Suppose 3*a = 4 + 2. Let y(u) = 12*u**2 - 3*u. Let z be y(a). What is the greatest common divisor of z and 63?
21
Suppose -1312*t = -1297*t - 14685. Calculate the highest common divisor of t and 89.
89
Let h = -70 - -82. Suppose h*x - 272 = 4*x. What is the greatest common factor of 85 and x?
17
Suppose 4065 = 5*b - 11*c + 10*c, 0 = b + 3*c - 797. What is the greatest common factor of 232 and b?
116
Let z = -166 - -286. Suppose -3*h - a + 28 = -62, 0 = -h - 4*a + 30. Calculate the highest common factor of z and h.
30
Suppose 0 = -6*l + 110 + 136. Calculate the greatest common factor of 123 and l.
41
Suppose 48*b - 1926 - 330 = 0. What is the highest common divisor of 376 and b?
47
Let v = -918 + 922. What is the highest common factor of v and 62?
2
Let f(w) = -5 + w**2 + w - 2*w**3 - 5*w**2 + 4. Let j be f(-3). Suppose 0 = 4*m - 8 - 0. Calculate the highest common factor of m and j.
2
Let x(r) = -9*r + 306. Let n be x(18). What is the highest common divisor of 180 and n?
36
Let s = -38 - -41. Let x be -2 - (-29 - 2) - (-3)/s. Calculate the greatest common divisor of 20 and x.
10
Let d = 170 - 140. Calculate the highest common factor of d and 80.
10
Let m be ((-7)/(-28))/((-2)/(-8)). Let g be m + 2 - (-39)/13. Let d be ((-6)/(-4))/(g/112). Calculate the greatest common divisor of 42 and d.
14
Suppose 0 = -3*b - 44 + 77. Let x = b + -8. Calculate the greatest common divisor of 27 and x.
3
Let t be ((-6)/(-30) - 1)/(14/(-805)). What is the highest common factor of 46 and t?
46
Let h = 314 - 309. Calculate the highest common divisor of 5 and h.
5
Let m be ((-525)/(-14))/((-3)/(-18)). Calculate the greatest common divisor of 25 and m.
25
Let q be (-1 + 34)*(-6)/(-9). Let k = 45 + -51. Let c(f) = f**3 + 9*f**2 + 5*f - 12. Let s be c(k). Calculate the highest common divisor of q and s.
22
Suppose 4*o - 3*o = 3. Let s = -6 + 7. Suppose -2*w + 3*w - s = -4*k, 0 = -k. What is the greatest common factor of w and o?
1
Let m = 23 + -28. Let w be (-2)/(-6) - (880/12)/m. Calculate the highest common divisor of 105 and w.
15
Let r = -4 + 6. Suppose -r*b - 2*l = -3*l, -b - 22 = 5*l. Let j = 7 - b. Calculate the highest common factor of 3 and j.
3
Suppose 2*p + 0*p = -68. Let a = p - -46. What is the greatest common divisor of 2 and a?
2
Let f be (-8)/((-16)/493) - 6/(-4). Calculate the greatest common factor of f and 24.
8
Let y(z) = -4*z + 5*z - 4*z**2 + 5*z**2 + 6*z. Let u be y(9). What is the highest common divisor of u and 48?
48
Let h = 0 - -3. Suppose -2*a + 2 = -4*a. Let z = a + h. What is the highest common factor of z and 14?
2
Let m = 815 + -775. What is the highest common divisor of 40 and m?
40
Suppose -57*s + 13432 = 2887. What is the greatest common factor of s and 20?
5
Let d(l) = -5*l**2 + l + 2. Let c be d(-2). Suppose 0*g = -4*g + 116. Let r = g + c. Calculate the greatest common divisor of 45 and r.
9
Let w be -1*(-104)/4 - 0. Let x be 6 + 3/1 - (-8)/2. What is the greatest common divisor of x and w?
13
Let y = -522 - -632. What is the greatest common factor of y and 10?
10
Let u = 916 - 831. What is the greatest common divisor of 680 and u?
85
Let p = 2303 - 1533. Calculate the highest common divisor of p and 70.
70
Let d be (56 - 4) + 24/(-8) + 2. Calculate the greatest common factor of d and 289.
17
Let g(k) = -2 + 4 - 3*k + 15*k - 6. Let h be g(3). Calculate the greatest common divisor of 256 and h.
32
Let x(k) = -k**3 - 50*k**2 - 89*k + 92. Let z be x(-49). What is the greatest common divisor of 108 and z?
108
Let w = -4 + 24. Suppose 7*t - 2*t - w = 0. Let c = t + 6. What is the highest common divisor of 5 and c?
5
Suppose 0*i - 2*i = 0. Suppose i*g - 8 = 4*g. Let h be 209/22 - (-1)/g. What is the highest common factor of h and 9?
9
Suppose -g = -5*o + 532, 5*g = 5*o + 237 - 757. What is the greatest common factor of o and 107?
107
Suppose -4*a = 3*m - 56, -5*m = -2*a - 42 - 60. Let d(t) = 2*t**3 - 2*t**2 - 31*t + 6. Let i be d(6). Calculate the highest common divisor of m and i.
20
Suppose -2*o = -4*o. Suppose -u + 5*d + 181 = 0, -2*u + o*d - d + 351 = 0. What is the highest common divisor of u and 16?
16
Suppose 2*x + 206 = 306. What is the greatest common factor of 75 and x?
25
Let d = 4 + 4. Suppose -x + d = -20. Let o(v) = 71*v - 1. Let n be o(1). Calculate the highest common divisor of n and x.
14
Let m(s) = 2*s**2 + 9*s - 24. Let i be m(-16). What is the greatest common factor of 602 and i?
86
Suppose -3*o = 9, 0 = 5*u + 21*o - 18*o - 246. What is the greatest common factor of 85 and u?
17
Let b(c) = -38*c + 36. Let u be b(-3). What is the greatest common divisor of u and 60?
30
Let j = 19 + 46. Suppose 0 = -2*p - 5*o + j, -15 = -o + 4*o. What is the highest common factor of 15 and p?
15
Suppose -2*z - 462*w = -459*w - 328, 0 = 5*z + 4*w - 834. Calculate the greatest common factor of z and 20.
10
Let g be (-5 - (-2 + 0)) + -15. Let d be (6/g)/(2/6). Let s be d/(-1 - 63/(-66)). Calculate the highest common factor of s and 176.
22
Suppose 3*w = 121 + 254. Let p = -6 + w. Calculate the highest common factor of p and 17.
17
Suppose 5*g = -0*g - q - 375, 5*q - 197 = 3*g. Let n be g/(-3) + (-4)/24*-2. Calculate the greatest common divisor of n and 10.
5
Let j = -25 - -42. Let d be -1 + -2 - (-2988)/12. Suppose d - 42 = 4*l. What is the greatest common factor of l and j?
17
Suppose 26 = -2*u - 5*k + 2*k, -4*k + 39 = -3*u. Let q = u + 21. Suppose -q*p + 2*p = -270. Calculate the highest common factor of p and 30.
15
Let d(t) = -3*t - 1. Let r be d(-2). Suppose 2*z - 4 = 6. Calculate the greatest common divisor of z and r.
5
Let b be ((-3 - -3)/(-3))/(-1). Suppose 3*x - 198 - 33 = b. Let n be (-3)/15 + (-56)/(-5). Calculate the greatest common divisor of x and n.
11
Let v(u) be the third derivative of u**5/15 - u**4/6 - 4*u**3/3 - 3*u**2. Let n be v(4). What is the greatest common divisor of n and 100?
20
Let d(u) be the first derivative of 5*u**3/3 - 3*u**2/2 - 4*u + 47. Let r be d(3). Calculate the highest common divisor of 64 and r.
32
Let d be 2/5 - ((-154)/(-10) - -1). Let a be ((-102)/9)/((d/6)/4). What is the highest common factor of 68 and a?
17
Let m be 5 - 2 - 4*1. Let t be 6/(-2) + -48 + m. Let x = t - -100. Calculate the highest common factor of x and 12.
12
Let d be (-12)/9 - 68/(-6). Let h(j) = 4*j + 10. Let v be h(20). Calculate the highest common divisor of d and v.
10
Let x = -179 + 259. Let u = 417 + -397. Calculate the greatest common factor of x and u.
20
Suppose 5*t - w = w + 84, 0 = 4*t - 5*w - 74. Let j = 71 + -47. What is the highest common divisor of j and t?
8
Let m be (48/5)/(-15*5/(-250)). Calculate the greatest common divisor of m and 384.
32
Let y be ((-1)/(-2)*0)/(-1). Let o = 3 - y. Let l be 7 - -3*(-8)/(-12). Calculate the highest common factor of l and o.
3
Let s(b) = b**2 + b - 3. Let k be s(2). Let h be -1 - -15*2/k. Let u = h + 7. Calculate the highest common divisor of 4 and u.
4
Let g = -105 - -118. Suppose -g*y + 30*y = 5831. Calculate the greatest common divisor of 49 and y.
49
Let t = -79 + 255. What is the highest common divisor of 48 and t?
16
Let w(z) = 10*z**2 + 4*z + 12. Let g be w(-5). Suppose 5*c + 56 = 3*s, -3*s + 94 = 5*c + 18. Calculate the greatest common divisor of g and s.
22
Let p = 319 + -197. What is the greatest common divisor of p and 305?
61
Let t = -28 + 39. Let k(o) = o**2 + o + 120. Let i be k(0). Suppose 0 = 5*m + x - 278, -i + 19 = -2*m + 3*x. What is the hi